{"id":33,"date":"2026-03-02T11:09:34","date_gmt":"2026-03-02T10:09:34","guid":{"rendered":"https:\/\/rental.rega-tv.com\/?page_id=33"},"modified":"2026-03-02T11:09:34","modified_gmt":"2026-03-02T10:09:34","slug":"allgemein-mietbedingungen","status":"publish","type":"page","link":"https:\/\/rental.rega-tv.com\/index.php\/allgemein-mietbedingungen\/","title":{"rendered":"Allgemein Mietbedingungen"},"content":{"rendered":"<p><strong>Allgemeine Gesch\u00e4ftsbedingungen Vermietung<\/strong><\/p>\n<p>Diese Allgemeinen Gesch\u00e4ftsbedingungen f\u00fcr Vermietung (nachfolgend AGB genannt) finden auf Mietvertr\u00e4ge zwischen<em> Lehmann Radio &amp; TV AG<\/em>, D\u00fcdingen, als Vermieter und ihren Kunden als Mieter und Mieterinnen Anwendung.<\/p>\n<p><strong>Mieter \/ Einsatzort<br \/>\n<\/strong>Der Mieter muss vollj\u00e4hrig und unterschriftsberechtigt sein. Name und Domizil k\u00f6nnen mit Ausweis nachgewiesen werden. Der Einsatzort aller gemieteten Ger\u00e4te muss den Vermieter bekannt gegeben werden. Die Mietobjekte m\u00fcssen sachgem\u00e4ss und mit gr\u00f6sster Sorgfalt behandelt werden.<\/p>\n<p><strong>Vertragsschluss<br \/>\n<\/strong>Die Angebote von Lehmann Radio &amp; TV AG sind freibleibend (Antrag ohne Verbindlichkeit), Annahmeerkl\u00e4rungen und Bestellungen durch den Mieter bed\u00fcrfen zur Rechtswirksamkeit der schriftlichen Best\u00e4tigung durch Lehmann Radio &amp; TV AG. Eine Best\u00e4tigung durch Telefax oder via Email ist zul\u00e4ssig.<\/p>\n<p>Der Vertrag zwischen Lehmann Radio &amp; TV AG und dem Mieter ist abgeschlossen, sobald der Mieter die schriftliche Best\u00e4tigung von Lehmann Radio &amp; TV AG wonach sie dessen Bestellung annimmt (Best\u00e4tigung), empfangen hat. Sonst kommt der Vertrag sp\u00e4testens durch \u00dcberlassen des Mietgegenstandes gegen entsprechende Quittung (Lieferschein) welcher in diesem Fall einer Bestellung gleichkommt, zustande.<\/p>\n<p><strong>Mietgegenstand<br \/>\n<\/strong>Gegenstand des Mietvertrages sind die in der Best\u00e4tigung , Offerte oder Lieferschein aufgef\u00fchrten Einzelger\u00e4te und Anlagen zur Miete.<\/p>\n<p>Die Mietgegenst\u00e4nde mit all ihren Bestandteilen sind ausdr\u00fccklich gemietet und bleiben im Eigentum von Lehmann Radio &amp; TV AG.<\/p>\n<p>Jede Art von \u00c4nderungen an den Ger\u00e4ten durch den Mieter ist untersagt. Die Kosten zur Wiederherstellung des Urzustandes werden dem Mieter belastet. Firmenbeschriftungen auf Ger\u00e4ten und Cases d\u00fcrfen durch den Mieter weder unsichtbar gemacht noch entfernt werden.<\/p>\n<p>Die Mietsache darf vom Mieter nur durch geeignetes und f\u00e4higes Bedienungspersonal, zum daf\u00fcr bestimmten Gebrauch und mit der gebotenen Sorgfalt verwendet werden. Der Mieter hat Bedienungsanleitung und Sicherheitsvorschriften strikte einzuhalten. Die Mietsache ist w\u00e4hrend der gesamten Mietdauer auf Kosten des Mieters in abgeschlossener oder bewachter Umgebung zu halten. Der Mieter verpflichtet sich, die Gegenst\u00e4nde pfleglich zu behandeln und in einwandfreien, gereinigtem und sortiertem Zustand vollst\u00e4ndig zur\u00fcckzugeben. Einholen von Genehmigungen und Konzessionen sind Sache des Mieters.<\/p>\n<p><strong>Untervermietung und Abtretung<br \/>\n<\/strong>Ohne gegenseitige Abmachung mit Lehmann Radio &amp; TV AG ist es dem Mieter untersagt, das Mietverh\u00e4ltnis an Dritte abzutreten oder die Mietsache unterzuvermieten.<\/p>\n<p><strong>Mietdauer<br \/>\n<\/strong>Die Mietdauer wird vorg\u00e4ngig schriftlich vereinbart. Die Mietdauer wird nach Tagen (12 Uhr bis 12 Uhr folgender Tag) berechnet. Angefangene Tage z\u00e4hlen voll. Die Mindestmietdauer betr\u00e4gt einen Tag. Versp\u00e4tete R\u00fccklieferungen der Mietgegenst\u00e4nde werden nach den Tarifen der Lehmann Radio &amp; TV AG in Rechnung gestellt.<\/p>\n<p>R\u00fcckgabe: Retournierte Mietobjekte werden durch Lehmann Radio &amp; TV AG kontrolliert und getestet. Lehmann Radio &amp; TV AG beh\u00e4lt sich das Recht vor w\u00e4hrend 3 Tagen nach Retournierung, auf den Mieter Regress zu nehmen. Reparaturkosten werden in Rechnung gestellt. Jede \u00c4nderung an den Mietobjekten durch den Mieter ist untersagt oder bedarf der Schriftlichkeit.<\/p>\n<p><strong>Mietpreis und Zahlungsbedingungen<\/strong><br \/>\nDer Mietpreis richtet sich nach der zur Zeit des Vertragsschlusses jeweils g\u00fcltigen Preisliste von Lehmann Radio &amp; TV AG.<\/p>\n<p>Verbrauchsmaterial (Leuchtmittel, Fluid, etc.) wird nach der verbrauchten Menge separat verrechnet.<\/p>\n<p>Der Mietpreis ist unabh\u00e4ngig davon zu bezahlen, ob die Ger\u00e4te tats\u00e4chlich benutzt wurden. Eine vorzeitige R\u00fcckgabe der Ger\u00e4te bewirkt keine Verg\u00fcnstigung der Mietgeb\u00fchr und liegt in der Kulanz vom Lehmann Radio &amp; TV AG.<\/p>\n<p>Falls nicht anders vereinbart, verstehen sich alle Preisangaben inklusive Mehrwertsteuer ab Lager von Lehmann Radio &amp; TV AG in D\u00fcdingen.<br \/>\nKosten f\u00fcr Transport und Spesen gehen zu Lasten des Mieters.<br \/>\nKosten f\u00fcr Strom, Standleitungen etc. hat der Mieter selber zu tragen.<\/p>\n<p>Abholmieten: Bei Abholmieten best\u00e4tigt der Kunde mit seiner Unterschrift auf dem Lieferschein, das Material in einwandfreiem Zustand erhalten zu haben und \u00fcber die Bedienung und Installation in Kenntnis gesetzt worden zu sein oder \u00fcber das vollumf\u00e4ngliche Wissen dar\u00fcber zu verf\u00fcgen.\u00a0 Die Mietobjekte sind in geschlossenen Fahrzeugen zu transportieren.<\/p>\n<p>Akontozahlung: Lehmann Radio &amp; TV AG kann in spez. F\u00e4llen, vor der Auslieferung der Mietsache, eine Teilzahlung in Bar verlangen.<\/p>\n<p>Rechnung: Die Zahlung ist laut Rechnung zu leisten. Die Rechnungsbetr\u00e4ge werden netto innert 30 Tagen ab Rechnungsdatum f\u00e4llig. Nach Ablauf dieser Frist befindet sich der Mieter ohne Mahnung im Verzug. Lehmann Radio &amp; TV AG kann nach Ablauf dieser Frist einen Verzugszins von 5 % geltend machen.<\/p>\n<p>Bei wiederholtem Zahlungsverzug wird die Forderung unverz\u00fcglich mit Kostenfolgen zum Inkasso beim zust\u00e4ndigen Betreibungsamt angemeldet.<\/p>\n<p><strong>Verrechnung, R\u00fcckbehaltung<br \/>\n<\/strong>Der Mieter ist nicht berechtigt, allf\u00e4llige Gegenforderungen mit Forderungen von Lehmann Radio &amp; TV AG zu verrechnen.<br \/>\nJegliches R\u00fcckbehaltungsrecht des Mieters ist vollumf\u00e4nglich wegbedungen.<\/p>\n<p><strong>Haftung des Mieters<br \/>\n<\/strong>Der Mieter haftet f\u00fcr jede Besch\u00e4digung, Verlust und jeden Mangel an der Mietsache, welche bei \u00dcbernahme nicht angezeigt wurden.<\/p>\n<p>Bei Diebstahl oder Abhandenkommen ist der Mieter verpflichtet, in jedem Fall einen Polizeirapport erstellen zu lassen. Werden Transportsch\u00e4den, welche durch Dritte erfolgt sind, festgestellt, hat der Mieter vom Frachtf\u00fchrer eine Bestandesaufnahme zu veranlassen. Der Mieter \u00fcbernimmt die volle Haftung f\u00fcr Mietger\u00e4te von Mietbeginn bis Mietende und haftet in vollem Umfang f\u00fcr allf\u00e4llige Sch\u00e4den (Besch\u00e4digung der Ger\u00e4te durch unsachgem\u00e4sse Handhabung., Diebstahl, \u00e4ussere Einfl\u00fcsse, Drittpersonen, unsachgem\u00e4sse Stromversorgung etc.).<\/p>\n<p><strong>Haftung des Vermieters<br \/>\n<\/strong>Reklamationen des Mieters anl\u00e4sslich der \u00dcbergabe der Mietsache hinsichtlich Vollst\u00e4ndigkeit, Besch\u00e4digung, ordnungsgem\u00e4ssen Zustand werden von Lehmann Radio &amp; TV AG, sofern berechtigt, durch Nachbesserung oder Ersatzlieferung nach eigener Wahl beseitigt. Lehmann Radio &amp; TV AG hat das Recht, mehrmals nachzubessern.<\/p>\n<p>Schlagen die Reparaturversuche von Lehmann Radio &amp; TV AG fehl und steht kein Ersatz zur Verf\u00fcgung, so schuldet der Mieter keinen Mietpreis. Es besteht keine weitergehende Haftung von Lehmann Radio &amp; TV AG bei versp\u00e4teter oder nicht erbrachter Leistung sowie f\u00fcr Sach-, Personen- oder Verm\u00f6genssch\u00e4den, die sich aus dem Mietgebrauch ergeben k\u00f6nnen. Auch alle weiteren Schadenersatzanspr\u00fcche des Mieters gegen Lehmann Radio &amp; TV AG sind gleich aus welchem Rechtsgrund ausgeschlossen.<\/p>\n<p><strong>Versicherung<br \/>\n<\/strong>Der Abschluss einer Transportversicherung ist Sache des Mieters, die Ger\u00e4te samt Zubeh\u00f6r auch gegen sonstige Risiken wie z.B. Diebstahl, Besch\u00e4digung durch Dritte, Feuer, Wasser und alle Elementarsch\u00e4den auf eigene Kosten zu versichern.<\/p>\n<p><strong>R\u00fccktritt des Mieters<br \/>\n<\/strong>Tritt der Mieter aus irgendwelchen Gr\u00fcnden trotz Best\u00e4tigung vor Mietbeginn vom Mietvertrag zur\u00fcck, entstehen folgende Kosten:<\/p>\n<ul>\n<li>Bis 50 % Ausfallentsch\u00e4digung des gesamten Mietpreises werden bei einer Absage ab 7 Tagen vor vereinbartem Mietbeginn f\u00e4llig.<\/li>\n<li>Bis 100 % Ausfallentsch\u00e4digung der Gesamtsumme werden bei einer Absage ab 3 Tagen vor vereinbartem Mietbeginn f\u00e4llig<\/li>\n<\/ul>\n<p><strong>Akzeptanz<br \/>\n<\/strong>Der Mieter oder sein gesetzlicher Vertreter, erkl\u00e4rt mit seiner Unterschrift, die \u201eAllgemeine Gesch\u00e4ftsbedingungen Vermietung\u201c von Lehmann Radio &amp; TV AG gelesen zu haben und mit diesen Konditionen einverstanden zu sein.<\/p>\n<p><strong>Anwendbares Recht und Gerichtsstand<br \/>\n<\/strong>Anwendbar ist schweizerisches Recht. (OR)<br \/>\nDer Gerichtsstand f\u00fcr alle sich zwischen Lehmann Radio &amp; TV AG und den Mietern ergebenden Streitigkeiten befindet sich bei dem am Gesch\u00e4ftssitz von Lehmann Radio &amp; TV AG \u00f6rtlich und sachlich zust\u00e4ndigen ordentlichen Gerichten. Normalerweise gilt der Gerichtsstand in Tafers.<\/p>\n","protected":false},"excerpt":{"rendered":"<p>Allgemeine Gesch\u00e4ftsbedingungen Vermietung Diese Allgemeinen Gesch\u00e4ftsbedingungen f\u00fcr Vermietung (nachfolgend AGB genannt) finden auf Mietvertr\u00e4ge zwischen Lehmann Radio &amp; TV AG, D\u00fcdingen, als Vermieter und ihren Kunden als Mieter und Mieterinnen Anwendung. Mieter \/ Einsatzort Der Mieter muss vollj\u00e4hrig und unterschriftsberechtigt sein. Name und Domizil k\u00f6nnen mit Ausweis nachgewiesen werden. Der Einsatzort aller gemieteten Ger\u00e4te muss [&hellip;]<\/p>\n","protected":false},"author":1,"featured_media":0,"parent":0,"menu_order":0,"comment_status":"closed","ping_status":"closed","template":"","meta":{"footnotes":""},"class_list":["post-33","page","type-page","status-publish","hentry"],"_links":{"self":[{"href":"https:\/\/rental.rega-tv.com\/index.php\/wp-json\/wp\/v2\/pages\/33","targetHints":{"allow":["GET"]}}],"collection":[{"href":"https:\/\/rental.rega-tv.com\/index.php\/wp-json\/wp\/v2\/pages"}],"about":[{"href":"https:\/\/rental.rega-tv.com\/index.php\/wp-json\/wp\/v2\/types\/page"}],"author":[{"embeddable":true,"href":"https:\/\/rental.rega-tv.com\/index.php\/wp-json\/wp\/v2\/users\/1"}],"replies":[{"embeddable":true,"href":"https:\/\/rental.rega-tv.com\/index.php\/wp-json\/wp\/v2\/comments?post=33"}],"version-history":[{"count":1,"href":"https:\/\/rental.rega-tv.com\/index.php\/wp-json\/wp\/v2\/pages\/33\/revisions"}],"predecessor-version":[{"id":34,"href":"https:\/\/rental.rega-tv.com\/index.php\/wp-json\/wp\/v2\/pages\/33\/revisions\/34"}],"wp:attachment":[{"href":"https:\/\/rental.rega-tv.com\/index.php\/wp-json\/wp\/v2\/media?parent=33"}],"curies":[{"name":"wp","href":"https:\/\/api.w.org\/{rel}","templated":true}]}}